 is the millions digit of 3225605?
3
What is the ten thousands digit of 309961?
0
What is the tens digit of 796402?
0
What is the ten thousands digit of 638753?
3
What is the units digit of 328601?
1
What is the millions digit of 7606851?
7
What is the units digit of 2028695?
5
What is the ten millions digit of 17409838?
1
What is the units digit of 340517?
7
What is the ten thousands digit of 603667?
0
What is the hundred thousands digit of 137245?
1
What is the thousands digit of 17260099?
0
What is the hundred thousands digit of 482871?
4
What is the millions digit of 4317222?
4
What is the ten thousands digit of 141227?
4
What is the ten thousands digit of 2345805?
4
What is the tens digit of 16823855?
5
What is the hundreds digit of 557795?
7
What is the thousands digit of 204902?
4
What is the thousands digit of 315497?
5
What is the hundreds digit of 353557?
5
What is the hundred thousands digit of 418849?
4
What is the tens digit of 707403?
0
What is the hundred thousands digit of 1003436?
0
What is the hundreds digit of 926995?
9
What is the hundreds digit of 867873?
8
What is the thousands digit of 8772931?
2
What is the millions digit of 3986581?
3
What is the hundred thousands digit of 346291?
3
What is the thousands digit of 43363?
3
What is the units digit of 3529135?
5
What is the ten thousands digit of 5114578?
1
What is the hundred thousands digit of 9098858?
0
What is the units digit of 8464100?
0
What is the hundred thousands digit of 10048000?
0
What is the units digit of 2234508?
8
What is the hundred thousands digit of 2818784?
8
What is the millions digit of 3163778?
3
What is the millions digit of 22644152?
2
What is the hundreds digit of 2734475?
4
What is the units digit of 4083194?
4
What is the hundred thousands digit of 308320?
3
What is the units digit of 541524?
4
What is the thousands digit of 178379?
8
What is the hundreds digit of 3048021?
0
What is the units digit of 12425403?
3
What is the ten thousands digit of 851695?
5
What is the units digit of 7625173?
3
What is the thousands digit of 2033059?
3
What is the hundred thousands digit of 2373916?
3
What is the hundred thousands digit of 207563?
2
What is the ten thousands digit of 290306?
9
What is the thousands digit of 2909786?
9
What is the hundreds digit of 1370968?
9
What is the hundreds digit of 2385749?
7
What is the hundreds digit of 5309733?
7
What is the hundred thousands digit of 252056?
2
What is the hundreds digit of 72940?
9
What is the ten thousands digit of 193942?
9
What is the hundreds digit of 206362?
3
What is the thousands digit of 125242?
5
What is the thousands digit of 204123?
4
What is the hundred thousands digit of 17541983?
5
What is the hundred thousands digit of 645741?
6
What is the hundred thousands digit of 6777867?
7
What is the thousands digit of 281801?
1
What is the millions digit of 5879048?
5
What is the ten thousands digit of 2620616?
2
What is the units digit of 51747?
7
What is the hundreds digit of 500513?
5
What is the units digit of 1103292?
2
What is the tens digit of 1069636?
3
What is the units digit of 1344600?
0
What is the ten thousands digit of 192736?
9
What is the tens digit of 1782183?
8
What is the ten thousands digit of 163785?
6
What is the tens digit of 11771175?
7
What is the ten thousands digit of 16246?
1
What is the tens digit of 3528970?
7
What is the ten thousands digit of 2483834?
8
What is the units digit of 422626?
6
What is the hundreds digit of 607665?
6
What is the units digit of 432094?
4
What is the hundred thousands digit of 1114937?
1
What is the tens digit of 165133?
3
What is the hundreds digit of 9775962?
9
What is the tens digit of 9175573?
7
What is the thousands digit of 109211?
9
What is the millions digit of 1242393?
1
What is the tens digit of 1210469?
6
What is the ten thousands digit of 171493?
7
What is the hundred thousands digit of 121586?
1
What is the millions digit of 30368117?
0
What is the ten thousands digit of 20209?
2
What is the tens digit of 5569027?
2
What is the thousands digit of 994115?
4
What is the millions digit of 8265798?
8
What is the units digit of 111260?
0
What is the thousands digit of 1858696?
8
What is the millions digit of 9008567?
9
What is the millions digit of 32432462?
2
What is the thousands digit of 434125?
4
What is the tens digit of 3772049?
4
What is the hundreds digit of 975301?
3
What is the hundreds digit of 19932895?
8
What is the tens digit of 814434?
3
What is the thousands digit of 4345047?
5
What is the hundred thousands digit of 348720?
3
What is the tens digit of 137038?
3
What is the ten thousands digit of 245297?
4
What is the units digit of 7405885?
5
What is the ten thousands digit of 696890?
9
What is the tens digit of 806430?
3
What is the ten thousands digit of 9572434?
7
What is the thousands digit of 848739?
8
What is the ten thousands digit of 471417?
7
What is the units digit of 71058?
8
What is the tens digit of 32808367?
6
What is the millions digit of 6470329?
6
What is the hundreds digit of 122806?
8
What is the ten thousands digit of 84914?
8
What is the thousands digit of 1302172?
2
What is the thousands digit of 1143720?
3
What is the ten thousands digit of 755431?
5
What is the ten thousands digit of 702980?
0
What is the ten thousands digit of 197933?
9
What is the ten thousands digit of 306586?
0
What is the hundred thousands digit of 7092625?
0
What is the hundred thousands digit of 3348649?
3
What is the millions digit of 1482890?
1
What is the ten thousands digit of 385206?
8
What is the units digit of 4410283?
3
What is the hundreds digit of 143716?
7
What is the units digit of 8730?
0
What is the units digit of 5263518?
8
What is the thousands digit of 1834453?
4
What is the units digit of 83397?
7
What is the tens digit of 5434515?
1
What is the hundreds digit of 1800559?
5
What is the millions digit of 23571866?
3
What is the hundreds digit of 244465?
4
What is the ten thousands digit of 8368419?
6
What is the tens digit of 2522392?
9
What is the hundreds digit of 1779802?
8
What is the ten millions digit of 16318678?
1
What is the thousands digit of 35081?
5
What is the thousands digit of 2047282?
7
What is the tens digit of 67028?
2
What is the units digit of 179459?
9
What is the tens digit of 484044?
4
What is the tens digit of 12393310?
1
What is the hundreds digit of 314691?
6
What is the tens digit of 34996885?
8
What is the ten thousands digit of 819000?
1
What is the ten thousands digit of 5643447?
4
What is the units digit of 92775?
5
What is the thousands digit of 7371041?
1
What is the ten thousands digit of 243913?
4
What is the thousands digit of 1576516?
6
What is the thousands digit of 407215?
7
What is the tens digit of 193233?
3
What is the thousands digit of 1325357?
5
What is the tens digit of 311111?
1
What is the hundred thousands digit of 507167?
5
What is the hundreds digit of 917465?
4
What is the thousands digit of 208807?
8
What is the ten thousands digit of 493624?
9
What is the units digit of 276779?
9
What is the thousands digit of 408606?
8
What is the hundreds digit of 20432023?
0
What is the hundred thousands digit of 8762218?
7
What is the hundreds digit of 3245952?
9
What is the tens digit of 1326447?
4
What is the millions digit of 3995459?
3
What is the units digit of 10908166?
6
What is the hundred thousands digit of 192992?
1
What is the units digit of 32983?
3
What is the tens digit of 386789?
8
What is the tens digit of 4984549?
4
What is the hundred thousands digit of 1388710?
3
What is the thousands digit of 37732?
7
What is the thousands digit of 1152057?
2
What is the units digit of 353155?
5
What is the units digit of 4633507?
7
What is the hundred thousands digit of 2188925?
1
What is the tens digit of 4001935?
3
What is the units digit of 12727?
7
What is the units digit of 161791?
1
What is the hundreds digit of 240492?
4
What is the hundred thousands digit of 5583214?
5
What is the units digit of 561560?
0
What is the hundreds digit of 93917?
9
What is the hundreds digit of 428871?
8
What is the hundreds digit of 84469?
4
What is the hundred thousands digit of 10495949?
4
What is the hundreds digit of 372617?
6
What is the millions digit of 302